{"id":1423,"date":"2018-11-02T15:31:49","date_gmt":"2018-11-02T14:31:49","guid":{"rendered":"https:\/\/www.kessel-limburg.nl\/kessels-volkshymne-mien-dorp\/"},"modified":"2018-11-02T15:31:51","modified_gmt":"2018-11-02T14:31:51","slug":"kessels-volkshymne-mien-dorp","status":"publish","type":"page","link":"https:\/\/www.kessel-limburg.nl\/de\/kessels-volkshymne-mien-dorp\/","title":{"rendered":"Kessels Volkshymne &#8211; Mien D\u00f6rp"},"content":{"rendered":"<p>[et_pb_section bb_built=&#8220;1&#8243; _builder_version=&#8220;3.0.71&#8243; background_image=&#8220;http:\/\/www.kessel-limburg.nl\/wp-content\/uploads\/2017\/08\/overigeheade01-1.jpg&#8220; parallax=&#8220;on&#8220; module_class=&#8220;sln_header_section&#8220;][et_pb_row][et_pb_column type=&#8220;4_4&#8243;][et_pb_text admin_label=&#8220;Header&#8220; _builder_version=&#8220;3.0.71&#8243; background_layout=&#8220;dark&#8220; text_orientation=&#8220;center&#8220; border_style=&#8220;solid&#8220; module_class=&#8220;sln_header_content&#8220; module_alignment=&#8220;center&#8220; \/][\/et_pb_column][\/et_pb_row][\/et_pb_section][et_pb_section bb_built=&#8220;1&#8243; fullwidth=&#8220;off&#8220; specialty=&#8220;off&#8220; _builder_version=&#8220;3.0.71&#8243; transparent_background=&#8220;on&#8220; background_color=&#8220;rgba(255,255,255,0)&#8220;][et_pb_row _builder_version=&#8220;3.0.71&#8243; background_repeat_1=&#8220;no-repeat&#8220; custom_width_px=&#8220;760px&#8220; background_repeat_2=&#8220;no-repeat&#8220;][et_pb_column type=&#8220;2_3&#8243;][et_pb_text admin_label=&#8220;Inhoud&#8220; _builder_version=&#8220;3.0.85&#8243; background_layout=&#8220;light&#8220;]<\/p>\n<h1>Kessels Volkshymne &#8211; Mien D\u00f6rp<\/h1>\n<p>Kessel ist eines der wenigen D\u00f6rfer\/Orte mit einer eigenen Nationalhymne. Im Juni 2006 w\u00e4hlte der Gemeinderat von Kessel Mien D\u00f6rp zur offiziellen Volkshymne der damaligen Gemeinde Kessel.<\/p>\n<p>Das Kessels Volkshymne &#8218;Mien D\u00f6rp&#8216; wird von Kesselnaar Peter Bouten geschrieben. Das Volkshymne wird von der Kesselse, einer Capelle-Gruppe namens Mannewerk, wundersch\u00f6n gesungen.<\/p>\n<p>&nbsp;<\/p>\n<p>[\/et_pb_text][et_pb_image _builder_version=&#8220;3.0.85&#8243; src=&#8220;https:\/\/www.kessel-limburg.nl\/wp-content\/uploads\/2017\/11\/kesselsvolkslied.jpg&#8220; show_in_lightbox=&#8220;on&#8220; url_new_window=&#8220;off&#8220; use_overlay=&#8220;off&#8220; always_center_on_mobile=&#8220;on&#8220; force_fullwidth=&#8220;off&#8220; show_bottom_space=&#8220;on&#8220; \/][\/et_pb_column][et_pb_column type=&#8220;1_3&#8243;][et_pb_text admin_label=&#8220;Inhoud&#8220; _builder_version=&#8220;3.0.85&#8243; background_layout=&#8220;light&#8220; custom_css_main_element=&#8220;margin-top: 40px;&#8220;]<\/p>\n<h3>H\u00f6ren Sie sich die Kessels Volkshymne an.<\/h3>\n<p>Klik hieronder om het Kessels volkslied te beluisteren en zing mee met de prachtige klanken waar Kessel trots op is.<\/p>\n<!--[if lt IE 9]><script>document.createElement('audio');<\/script><![endif]-->\n<audio class=\"wp-audio-shortcode\" id=\"audio-1423-1\" preload=\"none\" style=\"width: 100%;\" controls=\"controls\"><source type=\"audio\/mpeg\" src=\"https:\/\/www.kessel-limburg.nl\/wp-content\/uploads\/2017\/11\/Kessels-Volkslied.mp3?_=1\" \/><a href=\"https:\/\/www.kessel-limburg.nl\/wp-content\/uploads\/2017\/11\/Kessels-Volkslied.mp3\">https:\/\/www.kessel-limburg.nl\/wp-content\/uploads\/2017\/11\/Kessels-Volkslied.mp3<\/a><\/audio>\n<p>&nbsp;<\/p>\n<p>&nbsp;<\/p>\n<p>[\/et_pb_text][\/et_pb_column][\/et_pb_row][\/et_pb_section]<\/p>\n","protected":false},"excerpt":{"rendered":"<p><div class=\"et_pb_row et_pb_row_0 et_pb_row_empty\">\n\t\t\t\t\n\t\t\t\t\n\t\t\t\t\n\t\t\t\t\n\t\t\t\t\n\t\t\t<\/div> Kessels Volkshymne &#8211; Mien D\u00f6rp Kessel ist eines der wenigen D\u00f6rfer\/Orte mit einer eigenen Nationalhymne. Im Juni 2006 w\u00e4hlte der Gemeinderat von Kessel Mien D\u00f6rp zur offiziellen Volkshymne der damaligen Gemeinde Kessel. Das Kessels Volkshymne &#8218;Mien D\u00f6rp&#8216; wird von Kesselnaar Peter Bouten geschrieben. Das Volkshymne wird von der Kesselse, einer Capelle-Gruppe namens Mannewerk, wundersch\u00f6n [&hellip;]<\/p>\n","protected":false},"author":1,"featured_media":0,"parent":0,"menu_order":0,"comment_status":"closed","ping_status":"closed","template":"","meta":{"_et_pb_use_builder":"on","_et_pb_old_content":"","_et_gb_content_width":"","footnotes":""},"yoast_head":"<!-- This site is optimized with the Yoast SEO plugin v21.7 - https:\/\/yoast.com\/wordpress\/plugins\/seo\/ -->\n<title>Kessels Volkshymne - Mien D\u00f6rp | Kessel Limburg - Neem me mee naar Kessel<\/title>\n<meta name=\"robots\" content=\"index, follow, max-snippet:-1, max-image-preview:large, max-video-preview:-1\" \/>\n<link rel=\"canonical\" href=\"https:\/\/www.kessel-limburg.nl\/de\/kessels-volkshymne-mien-dorp\/\" \/>\n<meta property=\"og:locale\" content=\"de_DE\" \/>\n<meta property=\"og:type\" content=\"article\" \/>\n<meta property=\"og:title\" content=\"Kessels Volkshymne - Mien D\u00f6rp | Kessel Limburg - Neem me mee naar Kessel\" \/>\n<meta property=\"og:description\" content=\"Kessels Volkshymne - Mien D\u00f6rp Kessel ist eines der wenigen D\u00f6rfer\/Orte mit einer eigenen Nationalhymne. Im Juni 2006 w\u00e4hlte der Gemeinderat von Kessel Mien D\u00f6rp zur offiziellen Volkshymne der damaligen Gemeinde Kessel. Das Kessels Volkshymne &#039;Mien D\u00f6rp&#039; wird von Kesselnaar Peter Bouten geschrieben. Das Volkshymne wird von der Kesselse, einer Capelle-Gruppe namens Mannewerk, wundersch\u00f6n [&hellip;]\" \/>\n<meta property=\"og:url\" content=\"https:\/\/www.kessel-limburg.nl\/de\/kessels-volkshymne-mien-dorp\/\" \/>\n<meta property=\"og:site_name\" content=\"Kessel Limburg - Neem me mee naar Kessel\" \/>\n<meta property=\"article:modified_time\" content=\"2018-11-02T14:31:51+00:00\" \/>\n<meta name=\"twitter:card\" content=\"summary_large_image\" \/>\n<meta name=\"twitter:label1\" content=\"Gesch\u00e4tzte Lesezeit\" \/>\n\t<meta name=\"twitter:data1\" content=\"1\u00a0Minute\" \/>\n<script type=\"application\/ld+json\" class=\"yoast-schema-graph\">{\"@context\":\"https:\/\/schema.org\",\"@graph\":[{\"@type\":\"WebPage\",\"@id\":\"https:\/\/www.kessel-limburg.nl\/de\/kessels-volkshymne-mien-dorp\/\",\"url\":\"https:\/\/www.kessel-limburg.nl\/de\/kessels-volkshymne-mien-dorp\/\",\"name\":\"Kessels Volkshymne - Mien D\u00f6rp | Kessel Limburg - Neem me mee naar Kessel\",\"isPartOf\":{\"@id\":\"https:\/\/www.kessel-limburg.nl\/de\/#website\"},\"datePublished\":\"2018-11-02T14:31:49+00:00\",\"dateModified\":\"2018-11-02T14:31:51+00:00\",\"breadcrumb\":{\"@id\":\"https:\/\/www.kessel-limburg.nl\/de\/kessels-volkshymne-mien-dorp\/#breadcrumb\"},\"inLanguage\":\"de\",\"potentialAction\":[{\"@type\":\"ReadAction\",\"target\":[\"https:\/\/www.kessel-limburg.nl\/de\/kessels-volkshymne-mien-dorp\/\"]}]},{\"@type\":\"BreadcrumbList\",\"@id\":\"https:\/\/www.kessel-limburg.nl\/de\/kessels-volkshymne-mien-dorp\/#breadcrumb\",\"itemListElement\":[{\"@type\":\"ListItem\",\"position\":1,\"name\":\"Home\",\"item\":\"https:\/\/www.kessel-limburg.nl\/de\/nimm-mich-mit-nach-kessel\/\"},{\"@type\":\"ListItem\",\"position\":2,\"name\":\"Kessels Volkshymne &#8211; Mien D\u00f6rp\"}]},{\"@type\":\"WebSite\",\"@id\":\"https:\/\/www.kessel-limburg.nl\/de\/#website\",\"url\":\"https:\/\/www.kessel-limburg.nl\/de\/\",\"name\":\"Kessel Limburg - Neem me mee naar Kessel\",\"description\":\"Romantisch maasdorp\",\"potentialAction\":[{\"@type\":\"SearchAction\",\"target\":{\"@type\":\"EntryPoint\",\"urlTemplate\":\"https:\/\/www.kessel-limburg.nl\/de\/?s={search_term_string}\"},\"query-input\":\"required name=search_term_string\"}],\"inLanguage\":\"de\"}]}<\/script>\n<!-- \/ Yoast SEO plugin. -->","yoast_head_json":{"title":"Kessels Volkshymne - Mien D\u00f6rp | Kessel Limburg - Neem me mee naar Kessel","robots":{"index":"index","follow":"follow","max-snippet":"max-snippet:-1","max-image-preview":"max-image-preview:large","max-video-preview":"max-video-preview:-1"},"canonical":"https:\/\/www.kessel-limburg.nl\/de\/kessels-volkshymne-mien-dorp\/","og_locale":"de_DE","og_type":"article","og_title":"Kessels Volkshymne - Mien D\u00f6rp | Kessel Limburg - Neem me mee naar Kessel","og_description":"Kessels Volkshymne - Mien D\u00f6rp Kessel ist eines der wenigen D\u00f6rfer\/Orte mit einer eigenen Nationalhymne. Im Juni 2006 w\u00e4hlte der Gemeinderat von Kessel Mien D\u00f6rp zur offiziellen Volkshymne der damaligen Gemeinde Kessel. Das Kessels Volkshymne 'Mien D\u00f6rp' wird von Kesselnaar Peter Bouten geschrieben. Das Volkshymne wird von der Kesselse, einer Capelle-Gruppe namens Mannewerk, wundersch\u00f6n [&hellip;]","og_url":"https:\/\/www.kessel-limburg.nl\/de\/kessels-volkshymne-mien-dorp\/","og_site_name":"Kessel Limburg - Neem me mee naar Kessel","article_modified_time":"2018-11-02T14:31:51+00:00","twitter_card":"summary_large_image","twitter_misc":{"Gesch\u00e4tzte Lesezeit":"1\u00a0Minute"},"schema":{"@context":"https:\/\/schema.org","@graph":[{"@type":"WebPage","@id":"https:\/\/www.kessel-limburg.nl\/de\/kessels-volkshymne-mien-dorp\/","url":"https:\/\/www.kessel-limburg.nl\/de\/kessels-volkshymne-mien-dorp\/","name":"Kessels Volkshymne - Mien D\u00f6rp | Kessel Limburg - Neem me mee naar Kessel","isPartOf":{"@id":"https:\/\/www.kessel-limburg.nl\/de\/#website"},"datePublished":"2018-11-02T14:31:49+00:00","dateModified":"2018-11-02T14:31:51+00:00","breadcrumb":{"@id":"https:\/\/www.kessel-limburg.nl\/de\/kessels-volkshymne-mien-dorp\/#breadcrumb"},"inLanguage":"de","potentialAction":[{"@type":"ReadAction","target":["https:\/\/www.kessel-limburg.nl\/de\/kessels-volkshymne-mien-dorp\/"]}]},{"@type":"BreadcrumbList","@id":"https:\/\/www.kessel-limburg.nl\/de\/kessels-volkshymne-mien-dorp\/#breadcrumb","itemListElement":[{"@type":"ListItem","position":1,"name":"Home","item":"https:\/\/www.kessel-limburg.nl\/de\/nimm-mich-mit-nach-kessel\/"},{"@type":"ListItem","position":2,"name":"Kessels Volkshymne &#8211; Mien D\u00f6rp"}]},{"@type":"WebSite","@id":"https:\/\/www.kessel-limburg.nl\/de\/#website","url":"https:\/\/www.kessel-limburg.nl\/de\/","name":"Kessel Limburg - Neem me mee naar Kessel","description":"Romantisch maasdorp","potentialAction":[{"@type":"SearchAction","target":{"@type":"EntryPoint","urlTemplate":"https:\/\/www.kessel-limburg.nl\/de\/?s={search_term_string}"},"query-input":"required name=search_term_string"}],"inLanguage":"de"}]}},"_links":{"self":[{"href":"https:\/\/www.kessel-limburg.nl\/de\/wp-json\/wp\/v2\/pages\/1423"}],"collection":[{"href":"https:\/\/www.kessel-limburg.nl\/de\/wp-json\/wp\/v2\/pages"}],"about":[{"href":"https:\/\/www.kessel-limburg.nl\/de\/wp-json\/wp\/v2\/types\/page"}],"author":[{"embeddable":true,"href":"https:\/\/www.kessel-limburg.nl\/de\/wp-json\/wp\/v2\/users\/1"}],"replies":[{"embeddable":true,"href":"https:\/\/www.kessel-limburg.nl\/de\/wp-json\/wp\/v2\/comments?post=1423"}],"version-history":[{"count":1,"href":"https:\/\/www.kessel-limburg.nl\/de\/wp-json\/wp\/v2\/pages\/1423\/revisions"}],"predecessor-version":[{"id":1424,"href":"https:\/\/www.kessel-limburg.nl\/de\/wp-json\/wp\/v2\/pages\/1423\/revisions\/1424"}],"wp:attachment":[{"href":"https:\/\/www.kessel-limburg.nl\/de\/wp-json\/wp\/v2\/media?parent=1423"}],"curies":[{"name":"wp","href":"https:\/\/api.w.org\/{rel}","templated":true}]}}

Kessels Volkshymne &#8211; Mien Dörp

<p>[et_pb_section bb_built=&#8220;1&#8243; _builder_version=&#8220;3.0.71&#8243; background_image=&#8220;http://www.kessel-limburg.nl/wp-content/uploads/2017/08/overigeheade01-1.jpg&#8220; parallax=&#8220;on&#8220; module_class=&#8220;sln_header_section&#8220;][et_pb_row][et_pb_column type=&#8220;4_4&#8243;][et_pb_text admin_label=&#8220;Header&#8220; _builder_version=&#8220;3.0.71&#8243; background_layout=&#8220;dark&#8220; text_orientation=&#8220;center&#8220; border_style=&#8220;solid&#8220; module_class=&#8220;sln_header_content&#8220; module_alignment=&#8220;center&#8220; /][/et_pb_column][/et_pb_row][/et_pb_section][et_pb_section bb_built=&#8220;1&#8243; fullwidth=&#8220;off&#8220; specialty=&#8220;off&#8220; _builder_version=&#8220;3.0.71&#8243; transparent_background=&#8220;on&#8220; background_color=&#8220;rgba(255,255,255,0)&#8220;][et_pb_row _builder_version=&#8220;3.0.71&#8243; background_repeat_1=&#8220;no-repeat&#8220; custom_width_px=&#8220;760px&#8220; background_repeat_2=&#8220;no-repeat&#8220;][et_pb_column type=&#8220;2_3&#8243;][et_pb_text admin_label=&#8220;Inhoud&#8220; _builder_version=&#8220;3.0.85&#8243; background_layout=&#8220;light&#8220;]</p>
<h1>Kessels Volkshymne &#8211; Mien Dörp</h1>
<p>Kessel ist eines der wenigen Dörfer/Orte mit einer eigenen Nationalhymne. Im Juni 2006 wählte der Gemeinderat von Kessel Mien Dörp zur offiziellen Volkshymne der damaligen Gemeinde Kessel.</p>
<p>Das Kessels Volkshymne &#8218;Mien Dörp&#8216; wird von Kesselnaar Peter Bouten geschrieben. Das Volkshymne wird von der Kesselse, einer Capelle-Gruppe namens Mannewerk, wunderschön gesungen.</p>
<p>&nbsp;</p>
<p>[/et_pb_text][et_pb_image _builder_version=&#8220;3.0.85&#8243; src=&#8220;https://www.kessel-limburg.nl/wp-content/uploads/2017/11/kesselsvolkslied.jpg&#8220; show_in_lightbox=&#8220;on&#8220; url_new_window=&#8220;off&#8220; use_overlay=&#8220;off&#8220; always_center_on_mobile=&#8220;on&#8220; force_fullwidth=&#8220;off&#8220; show_bottom_space=&#8220;on&#8220; /][/et_pb_column][et_pb_column type=&#8220;1_3&#8243;][et_pb_text admin_label=&#8220;Inhoud&#8220; _builder_version=&#8220;3.0.85&#8243; background_layout=&#8220;light&#8220; custom_css_main_element=&#8220;margin-top: 40px;&#8220;]</p>
<h3>Hören Sie sich die Kessels Volkshymne an.</h3>
<p>Klik hieronder om het Kessels volkslied te beluisteren en zing mee met de prachtige klanken waar Kessel trots op is.</p>
<!--[if lt IE 9]><script>document.createElement('audio');</script><![endif]-->
<audio class="wp-audio-shortcode" id="audio-1423-1" preload="none" style="width: 100%;" controls="controls"><source type="audio/mpeg" src="https://www.kessel-limburg.nl/wp-content/uploads/2017/11/Kessels-Volkslied.mp3?_=1" /><a href="https://www.kessel-limburg.nl/wp-content/uploads/2017/11/Kessels-Volkslied.mp3">https://www.kessel-limburg.nl/wp-content/uploads/2017/11/Kessels-Volkslied.mp3</a></audio>
<p>&nbsp;</p>
<p>&nbsp;</p>
<p>[/et_pb_text][/et_pb_column][/et_pb_row][/et_pb_section]</p>

<p><div class="et_pb_row et_pb_row_0 et_pb_row_empty">
				
				
				
				
				
			</div> Kessels Volkshymne &#8211; Mien Dörp Kessel ist eines der wenigen Dörfer/Orte mit einer eigenen Nationalhymne. Im Juni 2006 wählte der Gemeinderat von Kessel Mien Dörp zur offiziellen Volkshymne der damaligen Gemeinde Kessel. Das Kessels Volkshymne &#8218;Mien Dörp&#8216; wird von Kesselnaar Peter Bouten geschrieben. Das Volkshymne wird von der Kesselse, einer Capelle-Gruppe namens Mannewerk, wunderschön [&hellip;]</p>

<!-- This site is optimized with the Yoast SEO plugin v21.7 - https://yoast.com/wordpress/plugins/seo/ -->
<title>Kessels Volkshymne - Mien Dörp | Kessel Limburg - Neem me mee naar Kessel</title>
<meta name="robots" content="index, follow, max-snippet:-1, max-image-preview:large, max-video-preview:-1" />
<link rel="canonical" href="https://www.kessel-limburg.nl/de/kessels-volkshymne-mien-dorp/" />
<meta property="og:locale" content="de_DE" />
<meta property="og:type" content="article" />
<meta property="og:title" content="Kessels Volkshymne - Mien Dörp | Kessel Limburg - Neem me mee naar Kessel" />
<meta property="og:description" content="Kessels Volkshymne - Mien Dörp Kessel ist eines der wenigen Dörfer/Orte mit einer eigenen Nationalhymne. Im Juni 2006 wählte der Gemeinderat von Kessel Mien Dörp zur offiziellen Volkshymne der damaligen Gemeinde Kessel. Das Kessels Volkshymne &#039;Mien Dörp&#039; wird von Kesselnaar Peter Bouten geschrieben. Das Volkshymne wird von der Kesselse, einer Capelle-Gruppe namens Mannewerk, wunderschön [&hellip;]" />
<meta property="og:url" content="https://www.kessel-limburg.nl/de/kessels-volkshymne-mien-dorp/" />
<meta property="og:site_name" content="Kessel Limburg - Neem me mee naar Kessel" />
<meta property="article:modified_time" content="2018-11-02T14:31:51+00:00" />
<meta name="twitter:card" content="summary_large_image" />
<meta name="twitter:label1" content="Geschätzte Lesezeit" />
	<meta name="twitter:data1" content="1 Minute" />
<script type="application/ld+json" class="yoast-schema-graph">{"@context":"https://schema.org","@graph":[{"@type":"WebPage","@id":"https://www.kessel-limburg.nl/de/kessels-volkshymne-mien-dorp/","url":"https://www.kessel-limburg.nl/de/kessels-volkshymne-mien-dorp/","name":"Kessels Volkshymne - Mien Dörp | Kessel Limburg - Neem me mee naar Kessel","isPartOf":{"@id":"https://www.kessel-limburg.nl/de/#website"},"datePublished":"2018-11-02T14:31:49+00:00","dateModified":"2018-11-02T14:31:51+00:00","breadcrumb":{"@id":"https://www.kessel-limburg.nl/de/kessels-volkshymne-mien-dorp/#breadcrumb"},"inLanguage":"de","potentialAction":[{"@type":"ReadAction","target":["https://www.kessel-limburg.nl/de/kessels-volkshymne-mien-dorp/"]}]},{"@type":"BreadcrumbList","@id":"https://www.kessel-limburg.nl/de/kessels-volkshymne-mien-dorp/#breadcrumb","itemListElement":[{"@type":"ListItem","position":1,"name":"Home","item":"https://www.kessel-limburg.nl/de/nimm-mich-mit-nach-kessel/"},{"@type":"ListItem","position":2,"name":"Kessels Volkshymne &#8211; Mien Dörp"}]},{"@type":"WebSite","@id":"https://www.kessel-limburg.nl/de/#website","url":"https://www.kessel-limburg.nl/de/","name":"Kessel Limburg - Neem me mee naar Kessel","description":"Romantisch maasdorp","potentialAction":[{"@type":"SearchAction","target":{"@type":"EntryPoint","urlTemplate":"https://www.kessel-limburg.nl/de/?s={search_term_string}"},"query-input":"required name=search_term_string"}],"inLanguage":"de"}]}</script>
<!-- / Yoast SEO plugin. -->

Kessels Volkshymne - Mien Dörp | Kessel Limburg - Neem me mee naar Kessel

Kessels Volkshymne - Mien Dörp Kessel ist eines der wenigen Dörfer/Orte mit einer eigenen Nationalhymne. Im Juni 2006 wählte der Gemeinderat von Kessel Mien Dörp zur offiziellen Volkshymne der damaligen Gemeinde Kessel. Das Kessels Volkshymne 'Mien Dörp' wird von Kesselnaar Peter Bouten geschrieben. Das Volkshymne wird von der Kesselse, einer Capelle-Gruppe namens Mannewerk, wunderschön [&hellip;]
